{"id":295,"date":"2014-08-15T14:10:01","date_gmt":"2014-08-15T12:10:01","guid":{"rendered":"http:\/\/www.superhumanoid.info\/superblog\/?page_id=295"},"modified":"2014-09-14T05:47:17","modified_gmt":"2014-09-14T03:47:17","slug":"paleo-rezepte-von-pawel","status":"publish","type":"page","link":"https:\/\/superhumanoid.info\/superblog\/paleo-rezepte-von-pawel\/","title":{"rendered":"Pawel&#8217;s Paleo Rezepte"},"content":{"rendered":"<p>Auf dieser Seite m\u00f6chte ich Dir regelm\u00e4\u00dfig meine Paleo Lieblingsrezepte vorstellen, die ich t\u00e4glich esse bzw. w\u00f6chentlich esse. Diese haben mir erm\u00f6glicht etwa 80 kg K\u00f6rpergewicht in 2 Jahren abzunehmen.<\/p>\n<p>Ich bin kein Fan von komplizierten Gerichten und mag es gerne einfach und bunt. Daher bezeichne ich mich eher als ein &#8222;No-Cooking&#8220; Paleolaner. Ein bunter gemischter roher Gem\u00fcsesalat geh\u00f6rt zu meinen t\u00e4glichen Mahlzeiten dazu als auch zum Bsp. gebratener wilder Fisch, Innereien oder Weidefleisch.<\/p>\n<h3>Mein t\u00e4glich &#8222;Brot&#8220;<\/h3>\n<p><u><\/p>\n<h4>Pawel&#8217;s bunter Paleo Salat<\/h4>\n<p><\/u><br \/>\n<figure id=\"attachment_296\" aria-describedby=\"caption-attachment-296\" style=\"width: 150px\" class=\"wp-caption alignright\"><a href=\"https:\/\/i0.wp.com\/www.superhumanoid.info\/superblog\/wp-content\/uploads\/Pawels-bunter-Paleo-Salat.jpg\"><img data-recalc-dims=\"1\" loading=\"lazy\" decoding=\"async\" src=\"https:\/\/i0.wp.com\/www.superhumanoid.info\/superblog\/wp-content\/uploads\/Pawels-bunter-Paleo-Salat-150x150.jpg?resize=150%2C150\" alt=\"Pawel&#039;s bunter Paleo Salat\" width=\"150\" height=\"150\" class=\"size-thumbnail wp-image-296\" srcset=\"https:\/\/i0.wp.com\/superhumanoid.info\/superblog\/wp-content\/uploads\/Pawels-bunter-Paleo-Salat.jpg?resize=150%2C150&amp;ssl=1 150w, https:\/\/i0.wp.com\/superhumanoid.info\/superblog\/wp-content\/uploads\/Pawels-bunter-Paleo-Salat.jpg?zoom=2&amp;resize=150%2C150&amp;ssl=1 300w, https:\/\/i0.wp.com\/superhumanoid.info\/superblog\/wp-content\/uploads\/Pawels-bunter-Paleo-Salat.jpg?zoom=3&amp;resize=150%2C150&amp;ssl=1 450w\" sizes=\"auto, (max-width: 150px) 100vw, 150px\" \/><\/a><figcaption id=\"caption-attachment-296\" class=\"wp-caption-text\">Pawel&#8217;s bunter Paleo Salat<\/figcaption><\/figure><br \/>\n<em>Diese Menge reicht f\u00fcr ca. 3 Personen als Beilage.<\/em><\/p>\n<p><strong>Zutaten:<\/strong><br \/>\n1\/6 Kopfsalat<br \/>\n3 Bl\u00e4tter Chicor\u00e9e<br \/>\n4 Radieschen<br \/>\n1\/2 Gurke<br \/>\n1\/4 Bund Rucola<br \/>\n1\/4 rote Zwiebel<br \/>\n1\/4 Paprika jeweils rot, gr\u00fcn, gelb<br \/>\n1\/2 Tomate<br \/>\n1 Knoblauchzehe<\/p>\n<p>3 Essl\u00f6ffel <a href=\"http:\/\/amzn.to\/1t1SBPE\" title=\"http:\/\/amzn.to\/1t1SBPE\" target=\"_blank\">natives Oliven\u00f6l extra<\/a><br \/>\n1 Essl\u00f6ffel <a href=\"http:\/\/amzn.to\/1l8qdud\" title=\"http:\/\/amzn.to\/1l8qdud\" target=\"_blank\">Apfelessig<\/a><\/p>\n<p>Verschiedene Gew\u00fcrze nach belieben:<br \/>\nPfeffer, <a href=\"http:\/\/amzn.to\/1l8qj56\" title=\"http:\/\/amzn.to\/1l8qj56\" target=\"_blank\">Himalaya Salz<\/a>, Rosmarin, Thymian, Basilikum, Estragon, Chili<\/p>\n<p><strong>Zubereitung:<\/strong><br \/>\nAlle Zutaten waschen, in kleine St\u00fccke schneiden und in eine Sch\u00fcssel geben. Mit Salz, Pfeffer, anderen Gew\u00fcrzen und Oliven\u00f6l &#038; Apfelessig verfeinern und vorsichtig umr\u00fchren.<br \/>\nSelbstverst\u00e4ndlich verwende ich nur frische und selbst gesammelte Ware vom Wochenmarkt.<\/p>\n<p>Die bunte Pracht genie\u00dfen! Guten Appetit!<\/p>\n<p><u><\/p>\n<h4>Gehackter Griechischer Salat<\/h4>\n<p><\/u><br \/>\n<em>Diese Menge reicht f\u00fcr ca. 2 Personen als Beilage.<\/em><\/p>\n<p><strong>Zutaten:<\/strong><\/p>\n<p><u>F\u00fcr das Dressing:<\/u><br \/>\n<a href=\"http:\/\/amzn.to\/1l8qdud\" title=\"http:\/\/amzn.to\/1l8qdud\" target=\"_blank\">Apfelessig<\/a>, 1 EL<br \/>\n<a href=\"http:\/\/amzn.to\/1t1SBPE\" title=\"http:\/\/amzn.to\/1t1SBPE\" target=\"_blank\">Oliven\u00f6l<\/a>, 2 EL<br \/>\nSalz, \u00bd TL<br \/>\nOregano, 1 TL<br \/>\nKnoblauch, 1 Zehe<br \/>\n1 Gew\u00fcrznelke, gehackt<\/p>\n<p><u>F\u00fcr den Salat:<\/u><br \/>\nSpinat, 1 Tasse<br \/>\nTomaten, 2 mittelgro\u00dfe<br \/>\nGr\u00fcner Pfeffer, 1<br \/>\nGurke, 1 St\u00fcck<br \/>\nRote Zwiebel, 1\/8 (ca. \u00bc Tasse gehackt)<br \/>\nOliven, 10 St\u00fcck<\/p>\n<p><em><u>Optional: (ich esse keine Milchprodukte)<\/u><br \/>\nFeta-K\u00e4se, 200 g<\/em><\/p>\n<p><strong>Zubereitung:<\/strong><br \/>\n1. Verquirle alle Zutaten des Dressings.<br \/>\n2. Zerkleinere die Gurke in W\u00fcrfel.<br \/>\n3. Schneide das Gem\u00fcse in grobe St\u00fccke.<br \/>\n4. Schneide den K\u00e4se in W\u00fcrfel<\/p>\n<p>Salat und Dressing in einer Sch\u00fcssel verr\u00fchren und geniessen!<\/p>\n<p><strong>Tip:<\/strong> Dazu passt ein sch\u00f6nes, saftiges Lammsteak in Kokosfett gebraten.<\/p>\n<h3>Fr\u00fchst\u00fcck<\/h3>\n<h4>Angefetteter Kaffee (Bulletproof Coffee)<\/h4>\n<p><em>Perfekter Fr\u00fchst\u00fccksersatz, unglaublicher Energiespender und ein Wundermittel zum Abnehmen! <\/em><\/p>\n<p><strong>Zutaten:<\/strong><br \/>\n    <a href=\"http:\/\/amzn.to\/1lHUcJH\" title=\"http:\/\/amzn.to\/1lHUcJH\" target=\"_blank\">Original Bulletproof Kaffee<\/a> (oder die <a href=\"http:\/\/amzn.to\/WbvvsS\" title=\"http:\/\/amzn.to\/WbvvsS\" target=\"_blank\">g\u00fcnstigere Alternative<\/a>)<br \/>\n    1 EL <a href=\"http:\/\/amzn.to\/1nhuHIW\" title=\"http:\/\/amzn.to\/1nhuHIW\" target=\"_blank\">Kokos\u00f6l<\/a> (Alternative: <a href=\"http:\/\/amzn.to\/Wb7n9L\" title=\"http:\/\/amzn.to\/Wb7n9L\" target=\"_blank\">MCT-\u00d6l<\/a>)<br \/>\n    1\/2 TL <a href=\"http:\/\/amzn.to\/1lI2Yrf\" title=\"http:\/\/amzn.to\/1lI2Yrf\" target=\"_blank\">Vanille<\/a><br \/>\n<em>    Optional:<\/em><br \/>\n    2 EL Butter (Weidebutter von grasgef\u00fctterten Tieren z.B. Kerrygold ungesalzen)<\/p>\n<p><strong>Zubereitung:<\/strong><\/p>\n<p>1. Die Butter und das Kokos\u00f6l oder MCT-\u00d6l in eine Tasse geben.<br \/>\n2. Den hei\u00dfen Kaffe aufsch\u00fctten, um die Butter zu schmelzen.<br \/>\n3. Stark umr\u00fchren bis es cremig ist.<br \/>\n4. Den Rest des Kaffees nachsch\u00fctten.<\/p>\n<p><em>Tip: Der Kaffee muss cremig sein bzw. sch\u00e4umen, damit schmeckt er seinen tollen Geschmack bekommt.<\/em><\/p>\n<p>Lass ihn Dir schmecken!<\/p>\n<h3>Selbst gemachtes und Alternativen<\/h3>\n<h4>Alternativen zu Erdnussbutter<\/h4>\n<p><strong>Alternative Selbstgemacht &#8211; Kokosbutter<\/strong><\/p>\n<p>Um Deine eigene Kokosbutter als Alternative herzustellen gehst Du wie folgt vor:<\/p>\n<p>[Tweet &#8222;Tolles Paleo Rezept f\u00fcr Kokosbutter auf http:\/\/superhumanboid.info\/superblog #kokosbutter #rezept #paleo&#8220;]<\/p>\n<p><strong>Zutaten<\/strong><\/p>\n<li><a href=\"http:\/\/amzn.to\/1lYoojQ\" title=\"http:\/\/amzn.to\/1lYoojQ\" target=\"_blank\">Kokosflocken<\/a><\/li>\n<p><strong>Zubereitung<\/strong><\/p>\n<li>200 g Kokosflocken mit einer Prise Salz in den Mixer geben und mixen. (200g <a href=\"http:\/\/amzn.to\/1lYoojQ\" title=\"http:\/\/amzn.to\/1lYoojQ\" target=\"_blank\">Kokosflocken<\/a> ergeben ca. 200ml <a href=\"http:\/\/amzn.to\/1uIREux\" title=\"http:\/\/amzn.to\/1uIREux\" target=\"_blank\">Kokosbutter<\/a>)<\/li>\n<li>Nach einer Weile wird die Masse fester und Du musst sie evtl. von der Seite des Beh\u00e4lters l\u00f6sen.<\/li>\n<li>Das Mixen ergibt eine cremige und fl\u00fcssige Masse (dauert ca. 10 Minuten).<\/li>\n<li>Die <a href=\"http:\/\/amzn.to\/1uIREux\" title=\"http:\/\/amzn.to\/1uIREux\" target=\"_blank\">Kokosbutter<\/a> am besten in ein Glas umf\u00fcllen und im K\u00fchlschrank aufbewahren.<\/li>\n<p><em>Tip: Alternativen gibt es sogar fertig aus dem Regal:<\/em><br \/>\n<a href=\"http:\/\/amzn.to\/1uIRCCH\" title=\"http:\/\/amzn.to\/1uIRCCH\" target=\"_blank\">Mandelmus<\/a><br \/>\n<a href=\"http:\/\/amzn.to\/1uIREux\" title=\"http:\/\/amzn.to\/1uIREux\" target=\"_blank\">Kokosbutter<\/a><\/p>\n<p><strong>Lass es Dir schmecken!<\/strong><\/p>\n<h3>Mein K\u00fcchenequipment<\/h3>\n<p>Vielleicht fragst Du Dich, welche Ausstattung ich in der K\u00fcche f\u00fcr die Zubereitung von meinen Rezepten benutze? Ich teile sehr gerne eine Aufstellung meiner Ausstattung mit Dir, die ich selber zu Hause benutze. Ich verwende die meisten Dinge bereits seit \u00fcber 2 Jahren und bin immer noch sehr zufrieden. <\/p>\n<li>Mein Lieblingsmesser: Ich habe es mir 2012 zu Weihnachten gew\u00fcnscht und bin sehr zufrieden. <a href=\"http:\/\/amzn.to\/1ueCqwU\" title=\"http:\/\/amzn.to\/1ueCqwU\" target=\"_blank\">G\u00fcde Alpha, Kochmesser, Klinge 21 cm, G\u00fcde-Nr. 1805\/21<\/a><\/li>\n<li>Ich schneide auf diesem <a href=\"http:\/\/amzn.to\/1nMyU8U\" title=\"http:\/\/amzn.to\/1nMyU8U\" target=\"_blank\">Bambusbrett von Fackelmann<\/a>, welches absichtlich nicht aus Plastik ist.\n<\/li>\n<li>F\u00fcr unterwegs nehme ich mir immer etwas in <a href=\"http:\/\/amzn.to\/1tPH8TF\" title=\"http:\/\/amzn.to\/1tPH8TF\" target=\"_blank\">Glasslock Frischhaltedosen<\/a> mit, diese sind ebenfalls nicht aus Plastik.<\/li>\n<li>Zur Zubereitung von Kochenbr\u00fche habe ich sehr gute Erfahrungen mit diesem<br \/>\n<a href=\"http:\/\/amzn.to\/1pgD2xt\" title=\"http:\/\/amzn.to\/1pgD2xt\" target=\"_blank\">Schnellkochtopf<\/a> gemacht. Ich habe ihn in der Farbe gelb zu Hause.<\/li>\n<li>Selbstverst\u00e4ndlich nehme ich nur Ger\u00e4te von Bosch, wie zum Beispiel diesen Mixer <a href=\"http:\/\/amzn.to\/1tPHuJS\" title=\"http:\/\/amzn.to\/1tPHuJS\" target=\"_blank\">Bosch MUM4655 K\u00fcchenmaschine ProfiMixx 46<\/a> und diesen <a href=\"http:\/\/amzn.to\/1tPHDwX\" title=\"http:\/\/amzn.to\/1tPHDwX\" target=\"_blank\">P\u00fcrierstab Bosch MSM7500 Stabmixer Styline \/ 600 Watt<\/a>.<\/li>\n<li>Ansonsten habe ich dieses <a href=\"http:\/\/amzn.to\/1nMzMum\" title=\"http:\/\/amzn.to\/1nMzMum\" target=\"_blank\">Topfset von Silit Energy Red<\/a> und folgende <a href=\"http:\/\/amzn.to\/1tPHWb7\" title=\"http:\/\/amzn.to\/1tPHWb7\" target=\"_blank\">Silit Bratpfannen<\/a> in rot.<\/li>\n<li>Ich habe mir damals diese <a href=\"http:\/\/amzn.to\/1uID09y\" title=\"http:\/\/amzn.to\/1uID09y\" target=\"_blank\">Soehnle K\u00fcchenwaage<\/a> gekauft und Mengen von Nahrungsmitteln, die ich gegessen habe, abgewogen. Diese K\u00fcchenwaage habe ich immer noch, benutze sie mittlerweile jedoch selten.<\/li>\n<p>Das sollten die wichtigsten Dinge f\u00fcr den t\u00e4glichen Paleo Gebrauch sein!<\/p>\n","protected":false},"excerpt":{"rendered":"<p>Auf dieser Seite m\u00f6chte ich Dir regelm\u00e4\u00dfig meine Paleo Lieblingsrezepte vorstellen, die ich t\u00e4glich esse bzw. w\u00f6chentlich esse. Diese haben mir erm\u00f6glicht etwa 80 kg K\u00f6rpergewicht in 2 Jahren abzunehmen.&#8230;<\/p>\n","protected":false},"author":1,"featured_media":296,"parent":0,"menu_order":1,"comment_status":"open","ping_status":"open","template":"","meta":{"jetpack_post_was_ever_published":false,"footnotes":"","_links_to":"","_links_to_target":""},"class_list":["post-295","page","type-page","status-publish","has-post-thumbnail","hentry","entry"],"yoast_head":"<!-- This site is optimized with the Yoast SEO plugin v27.3 - https:\/\/yoast.com\/product\/yoast-seo-wordpress\/ -->\n<title>Pawel&#039;s Paleo Rezepte - superhumanoid.info blog<\/title>\n<meta name=\"description\" content=\"Auf dieser Seite Pawel&#039;s Paleo Rezepte m\u00f6chte ich Dir regelm\u00e4\u00dfig meine Paleo Lieblingsrezepte vorstellen, die ich t\u00e4glich esse bzw. w\u00f6chentlich esse.\" \/>\n<meta name=\"robots\" content=\"index, follow, max-snippet:-1, max-image-preview:large, max-video-preview:-1\" \/>\n<link rel=\"canonical\" href=\"https:\/\/superhumanoid.info\/superblog\/paleo-rezepte-von-pawel\/\" \/>\n<meta property=\"og:locale\" content=\"de_DE\" \/>\n<meta property=\"og:type\" content=\"article\" \/>\n<meta property=\"og:title\" content=\"Pawel&#039;s Paleo Rezepte - superhumanoid.info blog\" \/>\n<meta property=\"og:description\" content=\"Auf dieser Seite Pawel&#039;s Paleo Rezepte m\u00f6chte ich Dir regelm\u00e4\u00dfig meine Paleo Lieblingsrezepte vorstellen, die ich t\u00e4glich esse bzw. w\u00f6chentlich esse.\" \/>\n<meta property=\"og:url\" content=\"https:\/\/superhumanoid.info\/superblog\/paleo-rezepte-von-pawel\/\" \/>\n<meta property=\"og:site_name\" content=\"superhumanoid.info blog\" \/>\n<meta property=\"article:publisher\" content=\"https:\/\/www.facebook.com\/superhumanoid.info\" \/>\n<meta property=\"article:modified_time\" content=\"2014-09-14T03:47:17+00:00\" \/>\n<meta property=\"og:image\" content=\"https:\/\/i1.wp.com\/superhumanoid.info\/superblog\/wp-content\/uploads\/Pawels-bunter-Paleo-Salat.jpg?fit=1086%2C963&ssl=1\" \/>\n\t<meta property=\"og:image:width\" content=\"1086\" \/>\n\t<meta property=\"og:image:height\" content=\"963\" \/>\n\t<meta property=\"og:image:type\" content=\"image\/jpeg\" \/>\n<meta name=\"twitter:label1\" content=\"Gesch\u00e4tzte Lesezeit\" \/>\n\t<meta name=\"twitter:data1\" content=\"4\u00a0Minuten\" \/>\n<script type=\"application\/ld+json\" class=\"yoast-schema-graph\">{\"@context\":\"https:\\\/\\\/schema.org\",\"@graph\":[{\"@type\":\"WebPage\",\"@id\":\"https:\\\/\\\/superhumanoid.info\\\/superblog\\\/paleo-rezepte-von-pawel\\\/\",\"url\":\"https:\\\/\\\/superhumanoid.info\\\/superblog\\\/paleo-rezepte-von-pawel\\\/\",\"name\":\"Pawel's Paleo Rezepte - superhumanoid.info blog\",\"isPartOf\":{\"@id\":\"https:\\\/\\\/superhumanoid.info\\\/superblog\\\/#website\"},\"primaryImageOfPage\":{\"@id\":\"https:\\\/\\\/superhumanoid.info\\\/superblog\\\/paleo-rezepte-von-pawel\\\/#primaryimage\"},\"image\":{\"@id\":\"https:\\\/\\\/superhumanoid.info\\\/superblog\\\/paleo-rezepte-von-pawel\\\/#primaryimage\"},\"thumbnailUrl\":\"https:\\\/\\\/i0.wp.com\\\/superhumanoid.info\\\/superblog\\\/wp-content\\\/uploads\\\/Pawels-bunter-Paleo-Salat.jpg?fit=1086%2C963&ssl=1\",\"datePublished\":\"2014-08-15T12:10:01+00:00\",\"dateModified\":\"2014-09-14T03:47:17+00:00\",\"description\":\"Auf dieser Seite Pawel's Paleo Rezepte m\u00f6chte ich Dir regelm\u00e4\u00dfig meine Paleo Lieblingsrezepte vorstellen, die ich t\u00e4glich esse bzw. w\u00f6chentlich esse.\",\"breadcrumb\":{\"@id\":\"https:\\\/\\\/superhumanoid.info\\\/superblog\\\/paleo-rezepte-von-pawel\\\/#breadcrumb\"},\"inLanguage\":\"de\",\"potentialAction\":[{\"@type\":\"ReadAction\",\"target\":[\"https:\\\/\\\/superhumanoid.info\\\/superblog\\\/paleo-rezepte-von-pawel\\\/\"]}]},{\"@type\":\"ImageObject\",\"inLanguage\":\"de\",\"@id\":\"https:\\\/\\\/superhumanoid.info\\\/superblog\\\/paleo-rezepte-von-pawel\\\/#primaryimage\",\"url\":\"https:\\\/\\\/i0.wp.com\\\/superhumanoid.info\\\/superblog\\\/wp-content\\\/uploads\\\/Pawels-bunter-Paleo-Salat.jpg?fit=1086%2C963&ssl=1\",\"contentUrl\":\"https:\\\/\\\/i0.wp.com\\\/superhumanoid.info\\\/superblog\\\/wp-content\\\/uploads\\\/Pawels-bunter-Paleo-Salat.jpg?fit=1086%2C963&ssl=1\",\"width\":1086,\"height\":963,\"caption\":\"Pawel's bunter Paleo Salat\"},{\"@type\":\"BreadcrumbList\",\"@id\":\"https:\\\/\\\/superhumanoid.info\\\/superblog\\\/paleo-rezepte-von-pawel\\\/#breadcrumb\",\"itemListElement\":[{\"@type\":\"ListItem\",\"position\":1,\"name\":\"Startseite\",\"item\":\"https:\\\/\\\/superhumanoid.info\\\/superblog\\\/\"},{\"@type\":\"ListItem\",\"position\":2,\"name\":\"Pawel&#8217;s Paleo Rezepte\"}]},{\"@type\":\"WebSite\",\"@id\":\"https:\\\/\\\/superhumanoid.info\\\/superblog\\\/#website\",\"url\":\"https:\\\/\\\/superhumanoid.info\\\/superblog\\\/\",\"name\":\"superhumanoid.info blog\",\"description\":\"Evolution\u00e4re Gesundheit mit Paleo\",\"publisher\":{\"@id\":\"https:\\\/\\\/superhumanoid.info\\\/superblog\\\/#organization\"},\"potentialAction\":[{\"@type\":\"SearchAction\",\"target\":{\"@type\":\"EntryPoint\",\"urlTemplate\":\"https:\\\/\\\/superhumanoid.info\\\/superblog\\\/?s={search_term_string}\"},\"query-input\":{\"@type\":\"PropertyValueSpecification\",\"valueRequired\":true,\"valueName\":\"search_term_string\"}}],\"inLanguage\":\"de\"},{\"@type\":\"Organization\",\"@id\":\"https:\\\/\\\/superhumanoid.info\\\/superblog\\\/#organization\",\"name\":\"superhumanoid.info blog\",\"url\":\"https:\\\/\\\/superhumanoid.info\\\/superblog\\\/\",\"logo\":{\"@type\":\"ImageObject\",\"inLanguage\":\"de\",\"@id\":\"https:\\\/\\\/superhumanoid.info\\\/superblog\\\/#\\\/schema\\\/logo\\\/image\\\/\",\"url\":\"https:\\\/\\\/i0.wp.com\\\/superhumanoid.info\\\/superblog\\\/wp-content\\\/uploads\\\/cropped-superhumanoid-info-logo-small.png?fit=260%2C60&ssl=1\",\"contentUrl\":\"https:\\\/\\\/i0.wp.com\\\/superhumanoid.info\\\/superblog\\\/wp-content\\\/uploads\\\/cropped-superhumanoid-info-logo-small.png?fit=260%2C60&ssl=1\",\"width\":260,\"height\":60,\"caption\":\"superhumanoid.info blog\"},\"image\":{\"@id\":\"https:\\\/\\\/superhumanoid.info\\\/superblog\\\/#\\\/schema\\\/logo\\\/image\\\/\"},\"sameAs\":[\"https:\\\/\\\/www.facebook.com\\\/superhumanoid.info\",\"https:\\\/\\\/x.com\\\/super_humanoid\",\"http:\\\/\\\/www.instagram.com\\\/superhumanoid.info\",\"http:\\\/\\\/pinterest.com\\\/super_humanoid\",\"http:\\\/\\\/www.youtube.com\\\/SuperhumanoidInfo\"]}]}<\/script>\n<!-- \/ Yoast SEO plugin. -->","yoast_head_json":{"title":"Pawel's Paleo Rezepte - superhumanoid.info blog","description":"Auf dieser Seite Pawel's Paleo Rezepte m\u00f6chte ich Dir regelm\u00e4\u00dfig meine Paleo Lieblingsrezepte vorstellen, die ich t\u00e4glich esse bzw. w\u00f6chentlich esse.","robots":{"index":"index","follow":"follow","max-snippet":"max-snippet:-1","max-image-preview":"max-image-preview:large","max-video-preview":"max-video-preview:-1"},"canonical":"https:\/\/superhumanoid.info\/superblog\/paleo-rezepte-von-pawel\/","og_locale":"de_DE","og_type":"article","og_title":"Pawel's Paleo Rezepte - superhumanoid.info blog","og_description":"Auf dieser Seite Pawel's Paleo Rezepte m\u00f6chte ich Dir regelm\u00e4\u00dfig meine Paleo Lieblingsrezepte vorstellen, die ich t\u00e4glich esse bzw. w\u00f6chentlich esse.","og_url":"https:\/\/superhumanoid.info\/superblog\/paleo-rezepte-von-pawel\/","og_site_name":"superhumanoid.info blog","article_publisher":"https:\/\/www.facebook.com\/superhumanoid.info","article_modified_time":"2014-09-14T03:47:17+00:00","og_image":[{"width":1086,"height":963,"url":"https:\/\/i1.wp.com\/superhumanoid.info\/superblog\/wp-content\/uploads\/Pawels-bunter-Paleo-Salat.jpg?fit=1086%2C963&ssl=1","type":"image\/jpeg"}],"twitter_misc":{"Gesch\u00e4tzte Lesezeit":"4\u00a0Minuten"},"schema":{"@context":"https:\/\/schema.org","@graph":[{"@type":"WebPage","@id":"https:\/\/superhumanoid.info\/superblog\/paleo-rezepte-von-pawel\/","url":"https:\/\/superhumanoid.info\/superblog\/paleo-rezepte-von-pawel\/","name":"Pawel's Paleo Rezepte - superhumanoid.info blog","isPartOf":{"@id":"https:\/\/superhumanoid.info\/superblog\/#website"},"primaryImageOfPage":{"@id":"https:\/\/superhumanoid.info\/superblog\/paleo-rezepte-von-pawel\/#primaryimage"},"image":{"@id":"https:\/\/superhumanoid.info\/superblog\/paleo-rezepte-von-pawel\/#primaryimage"},"thumbnailUrl":"https:\/\/i0.wp.com\/superhumanoid.info\/superblog\/wp-content\/uploads\/Pawels-bunter-Paleo-Salat.jpg?fit=1086%2C963&ssl=1","datePublished":"2014-08-15T12:10:01+00:00","dateModified":"2014-09-14T03:47:17+00:00","description":"Auf dieser Seite Pawel's Paleo Rezepte m\u00f6chte ich Dir regelm\u00e4\u00dfig meine Paleo Lieblingsrezepte vorstellen, die ich t\u00e4glich esse bzw. w\u00f6chentlich esse.","breadcrumb":{"@id":"https:\/\/superhumanoid.info\/superblog\/paleo-rezepte-von-pawel\/#breadcrumb"},"inLanguage":"de","potentialAction":[{"@type":"ReadAction","target":["https:\/\/superhumanoid.info\/superblog\/paleo-rezepte-von-pawel\/"]}]},{"@type":"ImageObject","inLanguage":"de","@id":"https:\/\/superhumanoid.info\/superblog\/paleo-rezepte-von-pawel\/#primaryimage","url":"https:\/\/i0.wp.com\/superhumanoid.info\/superblog\/wp-content\/uploads\/Pawels-bunter-Paleo-Salat.jpg?fit=1086%2C963&ssl=1","contentUrl":"https:\/\/i0.wp.com\/superhumanoid.info\/superblog\/wp-content\/uploads\/Pawels-bunter-Paleo-Salat.jpg?fit=1086%2C963&ssl=1","width":1086,"height":963,"caption":"Pawel's bunter Paleo Salat"},{"@type":"BreadcrumbList","@id":"https:\/\/superhumanoid.info\/superblog\/paleo-rezepte-von-pawel\/#breadcrumb","itemListElement":[{"@type":"ListItem","position":1,"name":"Startseite","item":"https:\/\/superhumanoid.info\/superblog\/"},{"@type":"ListItem","position":2,"name":"Pawel&#8217;s Paleo Rezepte"}]},{"@type":"WebSite","@id":"https:\/\/superhumanoid.info\/superblog\/#website","url":"https:\/\/superhumanoid.info\/superblog\/","name":"superhumanoid.info blog","description":"Evolution\u00e4re Gesundheit mit Paleo","publisher":{"@id":"https:\/\/superhumanoid.info\/superblog\/#organization"},"potentialAction":[{"@type":"SearchAction","target":{"@type":"EntryPoint","urlTemplate":"https:\/\/superhumanoid.info\/superblog\/?s={search_term_string}"},"query-input":{"@type":"PropertyValueSpecification","valueRequired":true,"valueName":"search_term_string"}}],"inLanguage":"de"},{"@type":"Organization","@id":"https:\/\/superhumanoid.info\/superblog\/#organization","name":"superhumanoid.info blog","url":"https:\/\/superhumanoid.info\/superblog\/","logo":{"@type":"ImageObject","inLanguage":"de","@id":"https:\/\/superhumanoid.info\/superblog\/#\/schema\/logo\/image\/","url":"https:\/\/i0.wp.com\/superhumanoid.info\/superblog\/wp-content\/uploads\/cropped-superhumanoid-info-logo-small.png?fit=260%2C60&ssl=1","contentUrl":"https:\/\/i0.wp.com\/superhumanoid.info\/superblog\/wp-content\/uploads\/cropped-superhumanoid-info-logo-small.png?fit=260%2C60&ssl=1","width":260,"height":60,"caption":"superhumanoid.info blog"},"image":{"@id":"https:\/\/superhumanoid.info\/superblog\/#\/schema\/logo\/image\/"},"sameAs":["https:\/\/www.facebook.com\/superhumanoid.info","https:\/\/x.com\/super_humanoid","http:\/\/www.instagram.com\/superhumanoid.info","http:\/\/pinterest.com\/super_humanoid","http:\/\/www.youtube.com\/SuperhumanoidInfo"]}]}},"jetpack_shortlink":"https:\/\/wp.me\/P4PQdV-4L","jetpack_sharing_enabled":true,"_links":{"self":[{"href":"https:\/\/superhumanoid.info\/superblog\/wp-json\/wp\/v2\/pages\/295","targetHints":{"allow":["GET"]}}],"collection":[{"href":"https:\/\/superhumanoid.info\/superblog\/wp-json\/wp\/v2\/pages"}],"about":[{"href":"https:\/\/superhumanoid.info\/superblog\/wp-json\/wp\/v2\/types\/page"}],"author":[{"embeddable":true,"href":"https:\/\/superhumanoid.info\/superblog\/wp-json\/wp\/v2\/users\/1"}],"replies":[{"embeddable":true,"href":"https:\/\/superhumanoid.info\/superblog\/wp-json\/wp\/v2\/comments?post=295"}],"version-history":[{"count":0,"href":"https:\/\/superhumanoid.info\/superblog\/wp-json\/wp\/v2\/pages\/295\/revisions"}],"wp:featuredmedia":[{"embeddable":true,"href":"https:\/\/superhumanoid.info\/superblog\/wp-json\/wp\/v2\/media\/296"}],"wp:attachment":[{"href":"https:\/\/superhumanoid.info\/superblog\/wp-json\/wp\/v2\/media?parent=295"}],"curies":[{"name":"wp","href":"https:\/\/api.w.org\/{rel}","templated":true}]}}